7132. What is the units digit of h?
3
Let y(n) = 6*n**2 + 17*n + 3 - 7 + 17 - 7 - 18*n. Let c = 7 - 12. What is the tens digit of y(c)?
6
Let h = 1968 + -451. Let z = h - 927. What is the tens digit of z?
9
Let o(w) = 430*w**3 - 782*w**2 + 6*w - 1. What is the tens digit of o(5)?
2
Suppose 307*k - 249*k = 431230. What is the hundreds digit of k?
4
Let g be ((-25725)/(-30))/((-1)/2). What is the hundreds digit of g*((-21)/35 + (-2)/(-10))?
6
Let q(c) = -66*c - 66. Let k = 178 + -184. What is the units digit of q(k)?
0
Suppose 0 = 6*i - 4*i - 5*s + 332, -2*s = 5*i + 859. Let r = i + 431. Suppose 162 + 178 = 4*p + q, -3*p + r = 2*q. What is the tens digit of p?
8
What is the units digit of (348 - 333)*(-12014)/(-10)?
1
Let w = -583 + 586. Suppose -i - 4*i - 2*x = -26, 17 = 2*i + 3*x. Suppose a = 3*g - 2*g + 97, i*g = -w*a + 256. What is the tens digit of a?
9
Let c be (2 + (0 - 2))/2. Suppose -25*t + 10*t + 1605 = c. What is the hundreds digit of t?
1
Let q(o) = -3245*o + 1206. What is the tens digit of q(-1)?
5
Suppose -7*z - 25 = -2*z. What is the tens digit of (-10)/z*1 - -4*18?
7
Suppose -8*p + 10*p - 12 = 0. Let z = p - -2. Suppose z*k - 6*k - 36 = 0. What is the units digit of k?
8
Let f(d) = 6*d**2 - 24*d - 104. Let c be f(-13). Let z = -519 + c. What is the hundreds digit of z?
7
Suppose 56*s + 44*s - 213370 = 5*s. What is the units digit of s?
6
Suppose -1 = -5*j + 34. Suppose -z - j - 103 = 0. What is the units digit of (z/5 - -3)*-2?
8
What is the thousands digit of 189808/52 + 2 + (-24)/156?
3
Let s be 4*(-37329)/(-27) + 2/(-9). Suppose s = 10*j + 4*j. What is the units digit of j?
5
Let u = 839 - 711. What is the hundreds digit of u?
1
Suppose 1404 - 46971 = -83*m. Let q = -590 - -981. Let s = m - q. What is the tens digit of s?
5
Let f(c) = 2347*c - 24. Let r be f(6). What is the units digit of (-6)/(-9)*r/12?
1
Let i be (63/12)/((-2)/8). Let r be 8 + -11 + -62*(-1)/2. What is the tens digit of (-6)/i - (-2512)/r?
9
Let d(u) = -85 + 40 + 14*u + 43. Let n be 2/(-11) + 57/11. What is the units digit of d(n)?
8
Let k(s) = 3*s**3 - s**2 + 4. Suppose 4 - 19 = -5*c. Let l be k(c). Suppose -2*h + 0*o + 4*o = -l, -h - 3*o + 63 = 0. What is the units digit of h?
8
Let o(d) = 1031*d**3 - 5*d**2 + 25*d - 81. What is the ten thousands digit of o(3)?
2
Suppose -4*v + 26806 = 3*f, f + 9*v = 7*v + 8934. What is the thousands digit of f?
8
Suppose 24638 = 30*s + 3608. What is the units digit of s?
1
Let p(g) be the first derivative of 65*g**2/2 - 152*g + 151. What is the units digit of p(11)?
3
Suppose -174 = t + 391. Let y = t - -1095. What is the tens digit of y?
3
Let n(u) = 119*u - 256. Let a be n(14). Suppose -a = 15*r - 21*r. What is the hundreds digit of r?
2
What is the thousands digit of ((-28)/8)/(1/(-802))?
2
Let w = -115 - -109. What is the tens digit of (-708)/(-12) + w/9*-3?
6
Let o = -20279 - -36408. What is the ten thousands digit of o?
1
Let w(t) = -t**2 + 132*t - 564. What is the units digit of w(60)?
6
Suppose -2645 = 2*n - 58913. Suppose 0 = 35*p - n + 1569. What is the units digit of p?
9
Let i(k) = 28*k**3 - k**2 - 20*k + 40. What is the units digit of i(7)?
5
Suppose 2*c + 3*c - 971 = 4*t, -c - 2*t = -183. Let n = c + 28. Suppose p = 4*p - n. What is the tens digit of p?
7
Let j be (-6)/8*2 - 5/10. Let q be 4/2*j/4. Let c(k) = -54*k + 2. What is the tens digit of c(q)?
5
Suppose 5*j - 124*j + 1545691 = 0. What is the units digit of j?
9
Let j = -3513 + 8065. What is the units digit of j?
2
Suppose 0 = -4*c - 3*z + 33, -2*c - 5*z - 1 = -14. Suppose 5*w = 5*p + 4*w + 1, p = -2*w - c. What is the tens digit of (p - -4)/((-12)/(-320))?
8
Suppose 0 = -32*u - 65266 + 371570. What is the tens digit of u?
7
Let g(b) = -b**2 + 29*b + 158. Let z be g(30). What is the units digit of z/48*(-54)/(-4)?
6
Let y = 206 + -202. Suppose 0 = 2*l - 6*l + 2*s + 2072, y*s - 1576 = -3*l. What is the units digit of l?
0
Let a = -120 + 56. Let o = 208 - a. What is the units digit of o?
2
Suppose 7*n - 73 = -3. Suppose -4508 = -n*j - 4*j. What is the tens digit of j?
2
Let k(v) = -v**2 + 128*v - 9 - 124*v + 2*v**2 - v**3. Let f be k(-4). Suppose 3*m - 59 = -p + 6, -4*p - f = -3*m. What is the tens digit of m?
2
What is the units digit of (42/168)/(3/315804)?
7
Suppose -4*z = 3*b, b = 7*z - 3*z. Suppose -3980 = -5*a - 2*s, b = -3*a + 4*a - s - 803. What is the hundreds digit of a?
7
Let p(z) = 55*z + 263. Let d be p(-5). What is the tens digit of 13 + d + 1510 + 3?
1
Let u(s) be the third derivative of s**4/24 + 53*s**3/6 - 211*s**2. What is the tens digit of u(-23)?
3
Suppose 4*z - 3 = -5*j, -j - 3 = z + j. Suppose b + 2224 = 2*f, -z*f + 11*f + 2*b - 4432 = 0. What is the tens digit of f?
1
Let h(c) = -69*c - 141. Let x be h(-5). Let d = 145 - 249. Let f = d + x. What is the hundreds digit of f?
1
Let l be -2 + 351 + -5 + -3 + 5. Suppose 9*n = -49 + l. What is the tens digit of n?
3
Let o(k) = -3*k + 72. Let b be o(-6). Suppose 9 = 93*a - b*a. What is the units digit of a?
3
Let t = -5312 + 11342. What is the thousands digit of t?
6
Let z = 3507 + 5249. Suppose -31*i + 42*i - z = 0. What is the units digit of i?
6
Let y = 4195 - 4195. Suppose -3*x + 1203 = 2*j, 4*j + 0*x = x + 2413. Suppose -29*f + 38*f - j = y. What is the units digit of f?
7
Let k be -97*(-5)/2*(-20)/10. Let o = k - -974. What is the hundreds digit of o?
4
Let w be 0/(-2)*-1*10/(-20). Suppose -z + 10*r = 15*r - 617, w = -3*z + 4*r + 1889. What is the hundreds digit of z?
6
Let r be 8 + -6 + 2 + -1. Let a be (-2484)/(-84) - r/(-7). What is the units digit of 3*(-2)/(a/(-605))?
1
Suppose 3*d + 4*p = -88, 0 = 2*d - 2*p - 376 + 444. Let o = -11 + 5. What is the tens digit of ((-40)/o)/((d/84)/(-4))?
7
Let w = 175 - 193. Let j(z) = -z**3 - 16*z**2 - 25*z - 9. What is the hundreds digit of j(w)?
0
Suppose -r + 3*j = -2*r - 9, -2*r + 9 = -3*j. Let b be 133/28 - (-1 - 21/(-12)). Suppose -b*k - 20 = r, -150 = -3*n - k - 2*k. What is the tens digit of n?
5
Suppose -i + 4 = i. Suppose -3*h = -f - 3, 0 = i*h - 0*f - 4*f + 8. Suppose -t + 15 = -h*a, 2*t - a - a = 38. What is the units digit of t?
3
Let w = -204 - -14510. What is the hundreds digit of w?
3
Suppose -13*v - 35*v = -227376. What is the tens digit of v?
3
Let a(x) = -9*x - 12. Let y be a(-1). Let m be ((-18)/y)/2 + -3. What is the hundreds digit of 272 - (m - (-3 - -3)) - 3?
2
Let t = 38 - 690. Let g = -39 - t. What is the units digit of g?
3
Let l = -2692 + 4506. What is the hundreds digit of (1 - 2)/(-1) + l + 2?
8
Let v = 556 - 555. What is the hundreds digit of 4*v/(-3)*(-1042 - -1)?
3
Suppose 0 = 8*g - 3*g. Let t be (-6 - -8) + 17 + (g - -1). Suppose -t = -n + 18. What is the units digit of n?
8
Let c(d) = 1094*d - 5712. What is the thousands digit of c(20)?
6
Let p(z) = 38*z**2 - 109*z - 67. What is the hundreds digit of p(20)?
9
Let q = -5753 + 10896. What is the thousands digit of q?
5
Suppose -39*n = -26*n - 19916. What is the tens digit of n?
3
Suppose -7*f = -4*p - 839, p + 590 = f + 4*f. What is the tens digit of (147 + 1)/((-1035)/f - -9)?
6
Suppose 2423*k - 2420*k - 14118 = 0. What is the hundreds digit of k?
7
Suppose 22*m + 28 = 29*m. Suppose m*k + 20 = 0, -2*z = 3*z - 4*k - 1765. What is the units digit of z?
9
Let w(q) = q**3 + 5*q**2 - 6*q + 10. Let h be w(-6). Let t be 798/h - (-13)/65. Suppose -28*c + t = -24*c. What is the tens digit of c?
2
Let l = -7 + 9. Suppose -l*a = 10 - 70. Suppose a*q - 31*q + 13 = 0. What is the units digit of q?
3
Let h = -17664 - -30152. What is the ten thousands digit of h?
1
Suppose 0*f + 4*f + 204 = 0. Suppose -4*s = -0*s - 108. Let p = s - f. What is the tens digit of p?
7
Let s(t) = 131*t + 3. Let z be s(1). Let v = 550 - z. What is the hundreds digit of v?
4
Suppose -25*g - 570 = -40*g. Suppose -5*q + g*q = 60489. What is the units digit of q?
3
Suppose -2*u = -3*u + 4*s - 42, -u - 3*s = 35. What is the hundreds digit of 16539/23 + u/437?
7
Suppose 8*v - 2700 = 14*v. Let g = v - -1010. What is the tens digit of g?
6
Suppose -3*b + 50665 = -2*w, 741*w - 745*w - 84443 = -5*b. What is the hundreds digit of b?
8
Suppose 6*f = 8*f + d - 7165, 0 = 5*f - 5*d - 17875. What is the tens digit of f?
8
Let n(v) = 10*v + 20 + 163*v**2 - 2*v - 13 - 3. What is the units digit of n(-2)?
0
S